{"id":76,"date":"2019-06-04T06:50:06","date_gmt":"2019-06-04T06:50:06","guid":{"rendered":"http:\/\/k22sthlm.se\/?page_id=76"},"modified":"2025-12-05T08:15:16","modified_gmt":"2025-12-05T08:15:16","slug":"lokalen","status":"publish","type":"page","link":"https:\/\/k22sthlm.se\/?page_id=76","title":{"rendered":"Lokalen"},"content":{"rendered":"<div id=\"cs-content\" class=\"cs-content\"><div class=\"x-section e76-e1 m24-0 m24-1 m24-2\"><div class=\"x-row e76-e2 m24-5 m24-6 m24-7 m24-a m24-b\"><div class=\"x-row-inner\"><div class=\"x-col e76-e3 m24-e\"><div class=\"x-div e76-e4 m24-f\"><span class=\"x-image e76-e5 m24-g m24-h\"><img decoding=\"async\" src=\"https:\/\/k22sthlm.se\/wp-content\/uploads\/2019\/05\/20160128_0044-3.jpg\" width=\"1800\" height=\"498\" alt=\"Image\" loading=\"lazy\"><\/span><\/div><\/div><\/div><\/div><\/div><div class=\"x-section e76-e6 m24-0 m24-2 m24-3\"><div class=\"x-container max width e76-e7 m24-j\"><div class=\"x-column x-sm x-1-1 e76-e8 m24-k\"><div class=\"x-div e76-e9 m24-f\"><div class=\"x-text x-content e76-e10 m24-l\"><h1 style=\"text-align: center;\"><small>Coworking med \n konferensrum<\/small><\/h1><p style=\"text-align: center;margin-top:15px;\">V\u00e5r ljusa 300 kvadratmeter stora lokal har ett perfekt l\u00e4ge p\u00e5 Krukmakargatan 22 p\u00e5 S\u00f6dermalm, n\u00e4ra Mariatorgets T-bana, 4:ans buss och Stockholm S\u00f6dra pendelt\u00e5gsstation. Mitt i Stockholms kanske restaurang- och caf\u00e9t\u00e4taste kvarter.<\/p>\n<p style=\"text-align: center;\">H\u00e4r delar \u00f6ver 30 f\u00f6retag p\u00e5 nio arbetsrum, med b\u00e5de fasta och flexibla platser. De flesta skrivborden \u00e4r h\u00f6j- och s\u00e4nkbara, det finns gott om sk\u00e5p och hyllutrymme, ergonomiska stolar, och \u2013 viktigast av allt \u2013 blixtsnabb n\u00e4tuppkoppling.<\/p>\n<p style=\"text-align: center;\">Det finns tre m\u00f6tesrum, som du kostnadsfritt bokar via n\u00e4tet.<\/p>\n<p style=\"text-align: center;\">\u2022 Stora konferensrummet, utrustat med konferensbord, whiteboard och en stor sk\u00e4rm f\u00f6r presentationer.<br \/>\n\u2022 Lilla konferensrummet, inrett med soffgrupp.<br \/>\n\u2022 Telefonrummet, som \u00e4r\u00a0akustikd\u00e4mpat\u00a0och \u00e4ven\u00a0fungerar f\u00f6r ljudinspelningar.<\/p>\n<\/div><\/div><\/div><\/div><div class=\"x-row x-container max width e76-e11 m24-5 m24-7 m24-8 m24-a m24-c\"><div class=\"x-row-inner\"><div class=\"x-col e76-e12 m24-e\"><div class=\"x-text x-content e76-e13 m24-l m24-m\"><br \/><p style=\"text-align: center;\">H\u00e4r finns ocks\u00e5 ett stort, v\u00e4lutrustat k\u00f6k och en mysig inneg\u00e5rd och badrum med dusch, f\u00f6r dig som gillar att tr\u00e4ningscykla till jobbet.<\/p><\/div><\/div><div class=\"x-col e76-e14 m24-e\"><div class=\"x-text x-content e76-e15 m24-l\"><br \/><p style=\"text-align: center;\">Vi h&aring;ller en h&ouml;g milj&ouml;- och r&auml;ttviseprofil. Sj&auml;lvklart har vi sopsortering och st&auml;dning. Vi &auml;r v&auml;nf&ouml;retag till Stockholms Stadsmission.<\/p><\/div><\/div><\/div><\/div><\/div><div class=\"x-section e76-e16 m24-0 m24-4\"><div class=\"x-row x-container max width e76-e17 m24-5 m24-8 m24-9 m24-d\"><div class=\"x-row-inner\"><div class=\"x-col e76-e18 m24-e\"><span class=\"x-image e76-e19 m24-h m24-i\"><img decoding=\"async\" src=\"https:\/\/i.imgur.com\/9d85vRW.png\" width=\"600\" height=\"400\" alt=\"Image\" loading=\"lazy\"><\/span><\/div><div class=\"x-col e76-e20 m24-e\"><span class=\"x-image e76-e21 m24-h m24-i\"><img decoding=\"async\" src=\"https:\/\/i.imgur.com\/4Xdh4PG.png\" width=\"600\" height=\"400\" alt=\"Image\" loading=\"lazy\"><\/span><\/div><\/div><\/div><\/div><\/div>\n","protected":false},"excerpt":{"rendered":"<p>Coworking med konferensrumV\u00e5r ljusa 300 kvadratmeter stora lokal har ett perfekt l\u00e4ge p\u00e5 Krukmakargatan 22 p\u00e5 S\u00f6dermalm, n\u00e4ra Mariatorgets T-bana, 4:ans buss och Stockholm S\u00f6dra pendelt\u00e5gsstation. Mitt i Stockholms kanske restaurang- och caf\u00e9t\u00e4taste kvarter. H\u00e4r delar \u00f6ver 30 f\u00f6retag p\u00e5 nio arbetsrum, med b\u00e5de fasta och flexibla platser. De flesta skrivborden \u00e4r h\u00f6j- och s\u00e4nkbara, det finns gott om sk\u00e5p &#8230; <\/p>\n<div><a href=\"https:\/\/k22sthlm.se\/?page_id=76\" class=\"more-link\">Read More<\/a><\/div>\n","protected":false},"author":1,"featured_media":0,"parent":0,"menu_order":0,"comment_status":"closed","ping_status":"closed","template":"","meta":{"footnotes":""},"class_list":["post-76","page","type-page","status-publish","hentry","no-post-thumbnail"],"_links":{"self":[{"href":"https:\/\/k22sthlm.se\/index.php?rest_route=\/wp\/v2\/pages\/76","targetHints":{"allow":["GET"]}}],"collection":[{"href":"https:\/\/k22sthlm.se\/index.php?rest_route=\/wp\/v2\/pages"}],"about":[{"href":"https:\/\/k22sthlm.se\/index.php?rest_route=\/wp\/v2\/types\/page"}],"author":[{"embeddable":true,"href":"https:\/\/k22sthlm.se\/index.php?rest_route=\/wp\/v2\/users\/1"}],"replies":[{"embeddable":true,"href":"https:\/\/k22sthlm.se\/index.php?rest_route=%2Fwp%2Fv2%2Fcomments&post=76"}],"version-history":[{"count":22,"href":"https:\/\/k22sthlm.se\/index.php?rest_route=\/wp\/v2\/pages\/76\/revisions"}],"predecessor-version":[{"id":478,"href":"https:\/\/k22sthlm.se\/index.php?rest_route=\/wp\/v2\/pages\/76\/revisions\/478"}],"wp:attachment":[{"href":"https:\/\/k22sthlm.se\/index.php?rest_route=%2Fwp%2Fv2%2Fmedia&parent=76"}],"curies":[{"name":"wp","href":"https:\/\/api.w.org\/{rel}","templated":true}]}}